{"id":38,"date":"2016-07-18T09:04:51","date_gmt":"2016-07-18T09:04:51","guid":{"rendered":"http:\/\/sw-themes.com\/porto_dummy\/?page_id=38"},"modified":"2023-03-14T10:55:04","modified_gmt":"2023-03-14T10:55:04","slug":"beralg","status":"publish","type":"page","link":"https:\/\/ciomat.dz\/fr2\/index.php\/beralg\/","title":{"rendered":"BERALG"},"content":{"rendered":"<section class=\"wpb-content-wrapper\"><p>[vc_row el_id=\u00a0\u00bbBETONS-RATIONNELS-D&rsquo;ALGERIE\u00a0\u00bb conditional_render=\u00a0\u00bb%5B%7B%22value_role%22%3A%22administrator%22%7D%5D\u00a0\u00bb][vc_column][vc_custom_heading text=\u00a0\u00bbBETONS RATIONNELS D&rsquo;ALGERIE\u00a0\u00bb font_container=\u00a0\u00bbtag:h2|font_size:2.2em|text_align:left\u00a0\u00bb use_theme_fonts=\u00a0\u00bbyes\u00a0\u00bb animation_delay=\u00a0\u00bb1000&Prime; el_class=\u00a0\u00bbmb-4&Prime; animation_type=\u00a0\u00bbfadeInUp\u00a0\u00bb][vc_custom_heading text=\u00a0\u00bbLa S.N.C BERALG, Soci\u00e9t\u00e9 sp\u00e9cialis\u00e9e dans la production de B\u00e9tons pr\u00eats \u00e0 l&#8217;emploi est bas\u00e9e \u00e0 Thala Athmane Tizi-Ouzou. Le si\u00e8ge social de la soci\u00e9t\u00e9 est situ\u00e9 \u00e0 Tizi-ouzou 11, Bd Amirouche.\u00a0\u00bb font_container=\u00a0\u00bbtag:p|font_size:1.2em|text_align:left|line_height:1.8&Prime; use_theme_fonts=\u00a0\u00bbyes\u00a0\u00bb font_weight=\u00a0\u00bb600&Prime; animation_delay=\u00a0\u00bb1200&Prime; el_class=\u00a0\u00bbmb-3&Prime; animation_type=\u00a0\u00bbfadeInUp\u00a0\u00bb][vc_video link=\u00a0\u00bbhttps:\/\/youtu.be\/Fg7l3wjD724&Prime;][vc_custom_heading text=\u00a0\u00bbTechniquement la soci\u00e9t\u00e9 se d\u00e9cline ainsi :\u00a0\u00bb font_container=\u00a0\u00bbtag:h2|font_size:2.2em|text_align:left\u00a0\u00bb use_theme_fonts=\u00a0\u00bbyes\u00a0\u00bb animation_delay=\u00a0\u00bb1000&Prime; el_class=\u00a0\u00bbmb-4&Prime; animation_type=\u00a0\u00bbfadeInUp\u00a0\u00bb][vc_accordion active_tab=\u00a0\u00bb1&Prime; collapsible=\u00a0\u00bbyes\u00a0\u00bb type=\u00a0\u00bbpanel-modern\u00a0\u00bb use_accordion=\u00a0\u00bbtrue\u00a0\u00bb el_class=\u00a0\u00bbm-b-lg pb-1&Prime;][vc_accordion_tab title=\u00a0\u00bb1 &#8211; Capacit\u00e9 de production centrale \u00e0 b\u00e9ton :\u00a0\u00bb][vc_custom_heading text=\u00a0\u00bb60 \u00e0 80 m3\/h .\u00a0\u00bb font_container=\u00a0\u00bbtag:p|text_align:left\u00a0\u00bb use_theme_fonts=\u00a0\u00bbyes\u00a0\u00bb][\/vc_accordion_tab][vc_accordion_tab title=\u00a0\u00bb2 &#8211; Capacit\u00e9 de stockage ciment :\u00a0\u00bb][vc_custom_heading text=\u00a0\u00bb2 x 150 tonnes (300 tonnes).\u00a0\u00bb font_container=\u00a0\u00bbtag:p|text_align:left\u00a0\u00bb use_theme_fonts=\u00a0\u00bbyes\u00a0\u00bb][\/vc_accordion_tab][vc_accordion_tab title=\u00a0\u00bb3 &#8211; Qualit\u00e9 de ciment utilis\u00e9 :\u00a0\u00bb][vc_custom_heading text=\u00a0\u00bbLAFARGE MATINE CPJ 42.5.\u00a0\u00bb font_container=\u00a0\u00bbtag:p|text_align:left\u00a0\u00bb use_theme_fonts=\u00a0\u00bbyes\u00a0\u00bb][\/vc_accordion_tab][vc_accordion_tab title=\u00a0\u00bb4 &#8211; Cinq malaxeurs (neufs) SCANIA d&rsquo;une capacit\u00e9 de :\u00a0\u00bb][vc_custom_heading text=\u00a0\u00bb9 m3 et 10 m3.\u00a0\u00bb font_container=\u00a0\u00bbtag:p|text_align:left\u00a0\u00bb use_theme_fonts=\u00a0\u00bbyes\u00a0\u00bb][\/vc_accordion_tab][vc_accordion_tab title=\u00a0\u00bb5 &#8211; Une pompe \u00e0 b\u00e9ton :\u00a0\u00bb][vc_custom_heading text=\u00a0\u00bbAuto motrice Putzmeister sur camion MERCEDES.\u00a0\u00bb font_container=\u00a0\u00bbtag:p|text_align:left\u00a0\u00bb use_theme_fonts=\u00a0\u00bbyes\u00a0\u00bb][\/vc_accordion_tab][vc_accordion_tab title=\u00a0\u00bb6 &#8211; Semi bennes :\u00a0\u00bb][vc_custom_heading text=\u00a0\u00bbCinq.\u00a0\u00bb font_container=\u00a0\u00bbtag:p|text_align:left\u00a0\u00bb use_theme_fonts=\u00a0\u00bbyes\u00a0\u00bb][\/vc_accordion_tab][vc_accordion_tab title=\u00a0\u00bb7 &#8211; Cocottes \u00e0 ciments :\u00a0\u00bb][vc_custom_heading text=\u00a0\u00bbDeux.\u00a0\u00bb font_container=\u00a0\u00bbtag:p|text_align:left\u00a0\u00bb use_theme_fonts=\u00a0\u00bbyes\u00a0\u00bb][\/vc_accordion_tab][vc_accordion_tab title=\u00a0\u00bb8- Agr\u00e9gats de carri\u00e8re :\u00a0\u00bb][vc_custom_heading text=\u00a0\u00bbTr\u00e9s bonne qualit\u00e9.\u00a0\u00bb font_container=\u00a0\u00bbtag:p|text_align:left\u00a0\u00bb use_theme_fonts=\u00a0\u00bbyes\u00a0\u00bb][\/vc_accordion_tab][vc_accordion_tab title=\u00a0\u00bb9- Adjuvants utilis\u00e9s :\u00a0\u00bb][vc_custom_heading text=\u00a0\u00bbGRANITEX MEDAPLAST SP40.\u00a0\u00bb font_container=\u00a0\u00bbtag:p|text_align:left\u00a0\u00bb use_theme_fonts=\u00a0\u00bbyes\u00a0\u00bb][\/vc_accordion_tab][vc_accordion_tab title=\u00a0\u00bb10- Formulation de B\u00e9ton approuv\u00e9e par deux laboratoires :\u00a0\u00bb][vc_custom_heading text=\u00a0\u00bbCONSOLIDA &#038; GENITEST.\u00a0\u00bb font_container=\u00a0\u00bbtag:p|text_align:left\u00a0\u00bb use_theme_fonts=\u00a0\u00bbyes\u00a0\u00bb][\/vc_accordion_tab][\/vc_accordion][\/vc_column][\/vc_row][vc_row el_id=\u00a0\u00bbLes-avantages-du-BPE\u00a0\u00bb conditional_render=\u00a0\u00bb%5B%7B%22value_role%22%3A%22administrator%22%7D%5D\u00a0\u00bb][vc_column][vc_custom_heading text=\u00a0\u00bbLes avantages du BPE ( B\u00c9TON PR\u00caT \u00c0 L&rsquo;EMPLOI ) :\u00a0\u00bb font_container=\u00a0\u00bbtag:h2|font_size:2.2em|text_align:left\u00a0\u00bb use_theme_fonts=\u00a0\u00bbyes\u00a0\u00bb animation_delay=\u00a0\u00bb1000&Prime; el_class=\u00a0\u00bbmb-4&Prime; animation_type=\u00a0\u00bbfadeInUp\u00a0\u00bb][vc_custom_heading text=\u00a0\u00bbParmi les avantages apport\u00e9s par la fabrication du b\u00e9ton en centrale BPE BERALG il faut souligner :\u00a0\u00bb font_container=\u00a0\u00bbtag:p|font_size:1.1em|text_align:left\u00a0\u00bb use_theme_fonts=\u00a0\u00bbyes\u00a0\u00bb font_weight=\u00a0\u00bb300&Prime; animation_delay=\u00a0\u00bb\u00a0\u00bb el_class=\u00a0\u00bbm-b-xl\u00a0\u00bb]<div class=\"porto-process wpb_custom_aa84c36a6a947f6099708744f0f74b68\"><div class=\"process-step\" data-appear-animation=\"fadeInUp\" data-appear-animation-delay=\"200\"><div class=\"process-step-circle\"><strong class=\"process-step-circle-content\">1<\/strong><\/div><div class=\"process-step-content\"><h4 class=\"step-item-title\">Les avantages techniques<\/h4><div class=\"process-step-desc\"><img loading=\"lazy\" decoding=\"async\" class=\"size-medium wp-image-810 alignleft\" src=\"https:\/\/ciomat.dz\/fr2\/wp-content\/uploads\/2023\/03\/labo-beton-beralg-ciomat-300x200.jpg\" alt=\"\" width=\"300\" height=\"200\" \/>En fonction des exigences du chantier, BERALG peut mettre au point et livrer les b\u00e9tons les mieux adapt\u00e9s, dont les caract\u00e9ristiques font l&rsquo;objet d&rsquo;un suivi rigoureux gr\u00e2ce \u00e0 des contr\u00f4les de laboratoire, qui permettent de s&rsquo;assurer de la conformit\u00e9 des constituants.<br \/>\nL&rsquo;automatisation tr\u00e8s pouss\u00e9e des centrales et la pr\u00e9cision des dosages contribuent \u00e0 la r\u00e9gularit\u00e9 et \u00e0 la qualit\u00e9 des produits livr\u00e9s. Les centrales disposent d&rsquo;une large gamme de produits : b\u00e9tons autopla\u00e7ants, b\u00e9tons l\u00e9gers, b\u00e9tons color\u00e9s, etc.<\/div><\/div><\/div><div class=\"process-step\" data-appear-animation=\"fadeInUp\" data-appear-animation-delay=\"400\"><div class=\"process-step-circle\"><strong class=\"process-step-circle-content\">2<\/strong><\/div><div class=\"process-step-content\"><h4 class=\"step-item-title\">Les avantages sociaux<\/h4><div class=\"process-step-desc\"><img loading=\"lazy\" decoding=\"async\" class=\"wp-image-618 alignleft\" src=\"https:\/\/ciomat.dz\/fr2\/wp-content\/uploads\/2023\/01\/Section5-photo-1-300x272.jpg\" alt=\"\" width=\"300\" height=\"264\" \/>Le BPE \u00e9vite les manutentions p\u00e9nibles n\u00e9cessaires au chargement des b\u00e9tonni\u00e8res de chantier.<\/div><\/div><\/div><div class=\"process-step\" data-appear-animation=\"fadeInUp\" data-appear-animation-delay=\"600\"><div class=\"process-step-circle\"><strong class=\"process-step-circle-content\">3<\/strong><\/div><div class=\"process-step-content\"><h4 class=\"step-item-title\">Les avantages \u00e9conomiques<\/h4><div class=\"process-step-desc\"><img loading=\"lazy\" decoding=\"async\" class=\"size-medium wp-image-816 alignleft\" src=\"https:\/\/ciomat.dz\/fr2\/wp-content\/uploads\/2023\/03\/beton-beralg-ciomat-300x200.jpg\" alt=\"\" width=\"300\" height=\"200\" \/>Le BPE \u00e9vite le gaspillage et l&rsquo;immobilisation de stocks sur le chantier, r\u00e9duisant les investissements en mat\u00e9riel et en hommes. Par la ponctualit\u00e9 des livraisons et gr\u00e2ce aux d\u00e9lais courts, la productivit\u00e9 des chantiers se trouve am\u00e9lior\u00e9e.<\/div><\/div><\/div><div class=\"process-step\" data-appear-animation=\"fadeInUp\" data-appear-animation-delay=\"600\"><div class=\"process-step-circle\"><strong class=\"process-step-circle-content\">4<\/strong><\/div><div class=\"process-step-content\"><h4 class=\"step-item-title\">La simplification de l&#039;organisation du chantier<\/h4><div class=\"process-step-desc\"><img loading=\"lazy\" decoding=\"async\" class=\"size-medium wp-image-811 alignleft\" src=\"https:\/\/ciomat.dz\/fr2\/wp-content\/uploads\/2023\/03\/chantier-beralg-ciomat-300x199.jpeg\" alt=\"\" width=\"300\" height=\"199\" \/>Les manutentions de constituants sont supprim\u00e9es ; les variations de cadences de b\u00e9tonnage sont mieux absorb\u00e9es grace \u00e0 la souplesse des livraisons du b\u00e9ton. L&#8217;emprise des chantiers sur la voirie est r\u00e9duite .<\/div><\/div><\/div><div class=\"process-step\" data-appear-animation=\"fadeInUp\" data-appear-animation-delay=\"600\"><div class=\"process-step-circle\"><strong class=\"process-step-circle-content\">5<\/strong><\/div><div class=\"process-step-content\"><h4 class=\"step-item-title\">Les services<\/h4><div class=\"process-step-desc\"><img loading=\"lazy\" decoding=\"async\" class=\"size-medium wp-image-817 alignleft\" src=\"https:\/\/ciomat.dz\/fr2\/wp-content\/uploads\/2023\/03\/services-beralg-ciomat-2-300x290.jpg\" alt=\"\" width=\"300\" height=\"290\" \/>La livraison est faite par camions adapt\u00e9s, pour des quantit\u00e9s correspondant strictement aux besoins. Des pompes ou des camions \u00e9quip\u00e9s de tapis permettent de faciliter la mise en place du b\u00e9ton.<\/div><\/div><\/div><\/div>[\/vc_column][\/vc_row]<\/p>\n<\/section>","protected":false},"excerpt":{"rendered":"<p>[vc_row el_id=\u00a0\u00bbBETONS-RATIONNELS-D&rsquo;ALGERIE\u00a0\u00bb conditional_render=\u00a0\u00bb%5B%7B%22value_role%22%3A%22administrator%22%7D%5D\u00a0\u00bb][vc_column][vc_custom_heading text=\u00a0\u00bbBETONS RATIONNELS D&rsquo;ALGERIE\u00a0\u00bb font_container=\u00a0\u00bbtag:h2|font_size:2.2em|text_align:left\u00a0\u00bb use_theme_fonts=\u00a0\u00bbyes\u00a0\u00bb animation_delay=\u00a0\u00bb1000&Prime; el_class=\u00a0\u00bbmb-4&Prime; animation_type=\u00a0\u00bbfadeInUp\u00a0\u00bb][vc_custom_heading text=\u00a0\u00bbLa S.N.C BERALG, Soci\u00e9t\u00e9 sp\u00e9cialis\u00e9e dans la production de B\u00e9tons pr\u00eats \u00e0 l&#8217;emploi est bas\u00e9e \u00e0 Thala Athmane Tizi-Ouzou. Le si\u00e8ge social de la soci\u00e9t\u00e9 est situ\u00e9 \u00e0 Tizi-ouzou 11, Bd Amirouche.\u00a0\u00bb font_container=\u00a0\u00bbtag:p|font_size:1.2em|text_align:left|line_height:1.8&Prime; use_theme_fonts=\u00a0\u00bbyes\u00a0\u00bb font_weight=\u00a0\u00bb600&Prime; animation_delay=\u00a0\u00bb1200&Prime; el_class=\u00a0\u00bbmb-3&Prime; animation_type=\u00a0\u00bbfadeInUp\u00a0\u00bb][vc_video link=\u00a0\u00bbhttps:\/\/youtu.be\/Fg7l3wjD724&Prime;][vc_custom_heading text=\u00a0\u00bbTechniquement la soci\u00e9t\u00e9 se d\u00e9cline [&hellip;]<\/p>\n","protected":false},"author":1,"featured_media":0,"parent":0,"menu_order":0,"comment_status":"closed","ping_status":"closed","template":"","meta":{"footnotes":""},"class_list":["post-38","page","type-page","status-publish","hentry"],"yoast_head":"<!-- This site is optimized with the Yoast SEO plugin v26.3 - https:\/\/yoast.com\/wordpress\/plugins\/seo\/ -->\n<title>BERALG - GROUPE CIOMAT<\/title>\n<meta name=\"robots\" content=\"index, follow, max-snippet:-1, max-image-preview:large, max-video-preview:-1\" \/>\n<link rel=\"canonical\" href=\"https:\/\/ciomat.dz\/fr2\/index.php\/beralg\/\" \/>\n<meta property=\"og:locale\" content=\"fr_FR\" \/>\n<meta property=\"og:type\" content=\"article\" \/>\n<meta property=\"og:title\" content=\"BERALG - GROUPE CIOMAT\" \/>\n<meta property=\"og:description\" content=\"[vc_row el_id=\u00a0\u00bbBETONS-RATIONNELS-D&rsquo;ALGERIE\u00a0\u00bb conditional_render=\u00a0\u00bb%5B%7B%22value_role%22%3A%22administrator%22%7D%5D\u00a0\u00bb][vc_column][vc_custom_heading text=\u00a0\u00bbBETONS RATIONNELS D&rsquo;ALGERIE\u00a0\u00bb font_container=\u00a0\u00bbtag:h2|font_size:2.2em|text_align:left\u00a0\u00bb use_theme_fonts=\u00a0\u00bbyes\u00a0\u00bb animation_delay=\u00a0\u00bb1000&Prime; el_class=\u00a0\u00bbmb-4&Prime; animation_type=\u00a0\u00bbfadeInUp\u00a0\u00bb][vc_custom_heading text=\u00a0\u00bbLa S.N.C BERALG, Soci\u00e9t\u00e9 sp\u00e9cialis\u00e9e dans la production de B\u00e9tons pr\u00eats \u00e0 l&#8217;emploi est bas\u00e9e \u00e0 Thala Athmane Tizi-Ouzou. Le si\u00e8ge social de la soci\u00e9t\u00e9 est situ\u00e9 \u00e0 Tizi-ouzou 11, Bd Amirouche.\u00a0\u00bb font_container=\u00a0\u00bbtag:p|font_size:1.2em|text_align:left|line_height:1.8&Prime; use_theme_fonts=\u00a0\u00bbyes\u00a0\u00bb font_weight=\u00a0\u00bb600&Prime; animation_delay=\u00a0\u00bb1200&Prime; el_class=\u00a0\u00bbmb-3&Prime; animation_type=\u00a0\u00bbfadeInUp\u00a0\u00bb][vc_video link=\u00a0\u00bbhttps:\/\/youtu.be\/Fg7l3wjD724&Prime;][vc_custom_heading text=\u00a0\u00bbTechniquement la soci\u00e9t\u00e9 se d\u00e9cline [&hellip;]\" \/>\n<meta property=\"og:url\" content=\"https:\/\/ciomat.dz\/fr2\/index.php\/beralg\/\" \/>\n<meta property=\"og:site_name\" content=\"GROUPE CIOMAT\" \/>\n<meta property=\"article:modified_time\" content=\"2023-03-14T10:55:04+00:00\" \/>\n<meta property=\"og:image\" content=\"https:\/\/ciomat.dz\/fr2\/wp-content\/uploads\/2023\/03\/labo-beton-beralg-ciomat-300x200.jpg\" \/>\n<meta name=\"twitter:card\" content=\"summary_large_image\" \/>\n<meta name=\"twitter:label1\" content=\"Dur\u00e9e de lecture estim\u00e9e\" \/>\n\t<meta name=\"twitter:data1\" content=\"4 minutes\" \/>\n<script type=\"application\/ld+json\" class=\"yoast-schema-graph\">{\"@context\":\"https:\/\/schema.org\",\"@graph\":[{\"@type\":\"WebPage\",\"@id\":\"https:\/\/ciomat.dz\/fr2\/index.php\/beralg\/\",\"url\":\"https:\/\/ciomat.dz\/fr2\/index.php\/beralg\/\",\"name\":\"BERALG - GROUPE CIOMAT\",\"isPartOf\":{\"@id\":\"https:\/\/ciomat.dz\/fr2\/#website\"},\"primaryImageOfPage\":{\"@id\":\"https:\/\/ciomat.dz\/fr2\/index.php\/beralg\/#primaryimage\"},\"image\":{\"@id\":\"https:\/\/ciomat.dz\/fr2\/index.php\/beralg\/#primaryimage\"},\"thumbnailUrl\":\"https:\/\/ciomat.dz\/fr2\/wp-content\/uploads\/2023\/03\/labo-beton-beralg-ciomat-300x200.jpg\",\"datePublished\":\"2016-07-18T09:04:51+00:00\",\"dateModified\":\"2023-03-14T10:55:04+00:00\",\"breadcrumb\":{\"@id\":\"https:\/\/ciomat.dz\/fr2\/index.php\/beralg\/#breadcrumb\"},\"inLanguage\":\"fr-FR\",\"potentialAction\":[{\"@type\":\"ReadAction\",\"target\":[\"https:\/\/ciomat.dz\/fr2\/index.php\/beralg\/\"]}]},{\"@type\":\"ImageObject\",\"inLanguage\":\"fr-FR\",\"@id\":\"https:\/\/ciomat.dz\/fr2\/index.php\/beralg\/#primaryimage\",\"url\":\"https:\/\/ciomat.dz\/fr2\/wp-content\/uploads\/2023\/03\/labo-beton-beralg-ciomat.jpg\",\"contentUrl\":\"https:\/\/ciomat.dz\/fr2\/wp-content\/uploads\/2023\/03\/labo-beton-beralg-ciomat.jpg\",\"width\":800,\"height\":533},{\"@type\":\"BreadcrumbList\",\"@id\":\"https:\/\/ciomat.dz\/fr2\/index.php\/beralg\/#breadcrumb\",\"itemListElement\":[{\"@type\":\"ListItem\",\"position\":1,\"name\":\"Accueil\",\"item\":\"https:\/\/ciomat.dz\/fr2\/\"},{\"@type\":\"ListItem\",\"position\":2,\"name\":\"BERALG\"}]},{\"@type\":\"WebSite\",\"@id\":\"https:\/\/ciomat.dz\/fr2\/#website\",\"url\":\"https:\/\/ciomat.dz\/fr2\/\",\"name\":\"GROUPE CIOMAT\",\"description\":\"Production Industrielle de Carrelages\",\"potentialAction\":[{\"@type\":\"SearchAction\",\"target\":{\"@type\":\"EntryPoint\",\"urlTemplate\":\"https:\/\/ciomat.dz\/fr2\/?s={search_term_string}\"},\"query-input\":{\"@type\":\"PropertyValueSpecification\",\"valueRequired\":true,\"valueName\":\"search_term_string\"}}],\"inLanguage\":\"fr-FR\"}]}<\/script>\n<!-- \/ Yoast SEO plugin. -->","yoast_head_json":{"title":"BERALG - GROUPE CIOMAT","robots":{"index":"index","follow":"follow","max-snippet":"max-snippet:-1","max-image-preview":"max-image-preview:large","max-video-preview":"max-video-preview:-1"},"canonical":"https:\/\/ciomat.dz\/fr2\/index.php\/beralg\/","og_locale":"fr_FR","og_type":"article","og_title":"BERALG - GROUPE CIOMAT","og_description":"[vc_row el_id=\u00a0\u00bbBETONS-RATIONNELS-D&rsquo;ALGERIE\u00a0\u00bb conditional_render=\u00a0\u00bb%5B%7B%22value_role%22%3A%22administrator%22%7D%5D\u00a0\u00bb][vc_column][vc_custom_heading text=\u00a0\u00bbBETONS RATIONNELS D&rsquo;ALGERIE\u00a0\u00bb font_container=\u00a0\u00bbtag:h2|font_size:2.2em|text_align:left\u00a0\u00bb use_theme_fonts=\u00a0\u00bbyes\u00a0\u00bb animation_delay=\u00a0\u00bb1000&Prime; el_class=\u00a0\u00bbmb-4&Prime; animation_type=\u00a0\u00bbfadeInUp\u00a0\u00bb][vc_custom_heading text=\u00a0\u00bbLa S.N.C BERALG, Soci\u00e9t\u00e9 sp\u00e9cialis\u00e9e dans la production de B\u00e9tons pr\u00eats \u00e0 l&#8217;emploi est bas\u00e9e \u00e0 Thala Athmane Tizi-Ouzou. Le si\u00e8ge social de la soci\u00e9t\u00e9 est situ\u00e9 \u00e0 Tizi-ouzou 11, Bd Amirouche.\u00a0\u00bb font_container=\u00a0\u00bbtag:p|font_size:1.2em|text_align:left|line_height:1.8&Prime; use_theme_fonts=\u00a0\u00bbyes\u00a0\u00bb font_weight=\u00a0\u00bb600&Prime; animation_delay=\u00a0\u00bb1200&Prime; el_class=\u00a0\u00bbmb-3&Prime; animation_type=\u00a0\u00bbfadeInUp\u00a0\u00bb][vc_video link=\u00a0\u00bbhttps:\/\/youtu.be\/Fg7l3wjD724&Prime;][vc_custom_heading text=\u00a0\u00bbTechniquement la soci\u00e9t\u00e9 se d\u00e9cline [&hellip;]","og_url":"https:\/\/ciomat.dz\/fr2\/index.php\/beralg\/","og_site_name":"GROUPE CIOMAT","article_modified_time":"2023-03-14T10:55:04+00:00","og_image":[{"url":"https:\/\/ciomat.dz\/fr2\/wp-content\/uploads\/2023\/03\/labo-beton-beralg-ciomat-300x200.jpg","type":"","width":"","height":""}],"twitter_card":"summary_large_image","twitter_misc":{"Dur\u00e9e de lecture estim\u00e9e":"4 minutes"},"schema":{"@context":"https:\/\/schema.org","@graph":[{"@type":"WebPage","@id":"https:\/\/ciomat.dz\/fr2\/index.php\/beralg\/","url":"https:\/\/ciomat.dz\/fr2\/index.php\/beralg\/","name":"BERALG - GROUPE CIOMAT","isPartOf":{"@id":"https:\/\/ciomat.dz\/fr2\/#website"},"primaryImageOfPage":{"@id":"https:\/\/ciomat.dz\/fr2\/index.php\/beralg\/#primaryimage"},"image":{"@id":"https:\/\/ciomat.dz\/fr2\/index.php\/beralg\/#primaryimage"},"thumbnailUrl":"https:\/\/ciomat.dz\/fr2\/wp-content\/uploads\/2023\/03\/labo-beton-beralg-ciomat-300x200.jpg","datePublished":"2016-07-18T09:04:51+00:00","dateModified":"2023-03-14T10:55:04+00:00","breadcrumb":{"@id":"https:\/\/ciomat.dz\/fr2\/index.php\/beralg\/#breadcrumb"},"inLanguage":"fr-FR","potentialAction":[{"@type":"ReadAction","target":["https:\/\/ciomat.dz\/fr2\/index.php\/beralg\/"]}]},{"@type":"ImageObject","inLanguage":"fr-FR","@id":"https:\/\/ciomat.dz\/fr2\/index.php\/beralg\/#primaryimage","url":"https:\/\/ciomat.dz\/fr2\/wp-content\/uploads\/2023\/03\/labo-beton-beralg-ciomat.jpg","contentUrl":"https:\/\/ciomat.dz\/fr2\/wp-content\/uploads\/2023\/03\/labo-beton-beralg-ciomat.jpg","width":800,"height":533},{"@type":"BreadcrumbList","@id":"https:\/\/ciomat.dz\/fr2\/index.php\/beralg\/#breadcrumb","itemListElement":[{"@type":"ListItem","position":1,"name":"Accueil","item":"https:\/\/ciomat.dz\/fr2\/"},{"@type":"ListItem","position":2,"name":"BERALG"}]},{"@type":"WebSite","@id":"https:\/\/ciomat.dz\/fr2\/#website","url":"https:\/\/ciomat.dz\/fr2\/","name":"GROUPE CIOMAT","description":"Production Industrielle de Carrelages","potentialAction":[{"@type":"SearchAction","target":{"@type":"EntryPoint","urlTemplate":"https:\/\/ciomat.dz\/fr2\/?s={search_term_string}"},"query-input":{"@type":"PropertyValueSpecification","valueRequired":true,"valueName":"search_term_string"}}],"inLanguage":"fr-FR"}]}},"_links":{"self":[{"href":"https:\/\/ciomat.dz\/fr2\/index.php\/wp-json\/wp\/v2\/pages\/38","targetHints":{"allow":["GET"]}}],"collection":[{"href":"https:\/\/ciomat.dz\/fr2\/index.php\/wp-json\/wp\/v2\/pages"}],"about":[{"href":"https:\/\/ciomat.dz\/fr2\/index.php\/wp-json\/wp\/v2\/types\/page"}],"author":[{"embeddable":true,"href":"https:\/\/ciomat.dz\/fr2\/index.php\/wp-json\/wp\/v2\/users\/1"}],"replies":[{"embeddable":true,"href":"https:\/\/ciomat.dz\/fr2\/index.php\/wp-json\/wp\/v2\/comments?post=38"}],"version-history":[{"count":25,"href":"https:\/\/ciomat.dz\/fr2\/index.php\/wp-json\/wp\/v2\/pages\/38\/revisions"}],"predecessor-version":[{"id":799,"href":"https:\/\/ciomat.dz\/fr2\/index.php\/wp-json\/wp\/v2\/pages\/38\/revisions\/799"}],"wp:attachment":[{"href":"https:\/\/ciomat.dz\/fr2\/index.php\/wp-json\/wp\/v2\/media?parent=38"}],"curies":[{"name":"wp","href":"https:\/\/api.w.org\/{rel}","templated":true}]}}